))/((-2)/4). Let f(l) be the first derivative of l**4/24 + 2*l**3/3 + 3*l**2/2 - 3. Let t(g) be the second derivative of f(g). Give t(b).
-1
Let z(u) = u**2 - 2*u. Let v be z(2). Let r be (2/(28/8 + -4))/(-2). Let p(m) = m - r*m - 755*m**2 + 756*m**2 - 9. What is p(v)?
-9
Let h(z) = z**3 - 9*z**2 - 24*z + 27. Let p be h(11). Let x(j) = -j**3 + 4*j**2 + 7*j - 4. Let d be x(p). Let n(t) = -t**2 + 4*t + 3. What is n(d)?
-9
Let g(i) = i**3 + i**2 - 3. Let r = 141 + -138. Determine g(r).
33
Let s be ((-15)/4)/((-9)/12). Let t(g) = -g + 7. What is t(s)?
2
Let z(j) = 3*j**3 + 4*j**2 - j + 8. Let m(b) = -2*b**3 - 3*b**2 + b - 8. Let n(a) = -4*m(a) - 3*z(a). Determine n(0).
8
Let j(c) = -c + 9. Let l be j(7). Suppose -l*d - 15 = -7*d. Let v be 4 + (12/d - 2). Let k(a) = 3*a - 8. Determine k(v).
10
Suppose -3*t + 12 = -3*m, -13 = -m - 4*t - 2. Let k be (-1 + m - 3)/1. Let g(h) = h**3 + 5*h**2 - 2*h - 3. Calculate g(k).
7
Let h(t) = t - 9. Let x be h(12). Let w(u) = u**2 - 3*u + 3. Let d be w(x). Let n(q) = 6*q**2 + q**d + 14*q - 14*q. Determine n(-6).
0
Suppose 0 = -u - 2 + 6, 0 = 3*p - 3*u - 6. Let i(a) be the first derivative of a**4/4 - 5*a**3/3 - 3*a**2/2 - 6*a + 954. Determine i(p).
12
Let a(b) = -b**2 + b + 1. Let z(u) = -3*u**2 - 4*u + 10. Let d(l) = -4*a(l) + z(l). Determine d(6).
-6
Let m(j) = -2*j - 1. Let k be m(3). Let q be (-1)/(k/2 - -3). Let f(w) = -q - w + 5 - 1. Determine f(5).
-3
Let l(v) = v**2 - 6*v - 7. Let t(u) be the third derivative of -u**5/60 + 7*u**4/12 - 17*u**3/6 - 4*u**2. Let m be t(12). Give l(m).
0
Let y(z) be the second derivative of z**5/20 + z**4/12 + z**3/6 + 92*z. Let a(h) = h**2 - 6*h + 3. Let q be a(5). Determine y(q).
-6
Let k(r) = 2*r**2 + r**3 + 2*r - r**2 + 5*r**2. Suppose -3 = -x - 12. Let y(q) = -q**3 - 8*q**2 + 9*q - 5. Let u be y(x). What is k(u)?
15
Suppose -l + 6*l + 20 = 0. Let t = l - -9. Let j be 6/t - (-1)/(-5). Let k(z) = -3*z - 1. Determine k(j).
-4
Let x(r) = -2*r**2 + 1. Let g(n) be the first derivative of -n**2/2 + 2*n + 3. Let o(p) = 2*p - 5. Let t(w) = 7*g(w) + 3*o(w). Let q be t(1). Give x(q).
-7
Let u(j) be the first derivative of -17 + 3/2*j**2 + 0*j + 1/4*j**4 - 2/3*j**3. Let n(l) = -l**3 - 5*l**2 - 5*l - 2. Let f be n(-4). Give u(f).
6
Let c(o) = o**3 - 6*o**2 - 8*o + 7. Let z = -33 - -59. Suppose 0*j + 3*p + 23 = 2*j, 5*j = -3*p + z. Determine c(j).
0
Let d = 1 - 3. Let f(i) be the third derivative of -i**5/30 - i**3/3 - i**2 - 30*i. What is f(d)?
-10
Let z(j) be the second derivative of -j**5/20 + j**4/2 - j**3 + j**2/2 - 446*j. Calculate z(5).
-4
Let n(b) = 92*b**3 - 84*b**3 + 1 - 2*b + 2*b. Determine n(-1).
-7
Let l(f) = -f**3 - 2*f**2 + 5*f - 2. Let p be l(-5). Suppose -2*n - p = 42. Let m be 260/n - 4/18. Let r(t) = -t**2 - 6*t + 6. Calculate r(m).
6
Suppose -22*d = -26*d. Let k(w) = -w**3 + w + 4. Calculate k(d).
4
Let q(x) = 8*x + 408. Let a be q(-51). Let g(r) = -r - 19. Determine g(a).
-19
Let h(d) = -3*d**2 + 9*d + 2. Let t be h(3). Let w(n) = n**2 - 4 + 3 + 3*n - 2*n + n**t. What is w(1)?
2
Let u(s) be the first derivative of s**4/4 + 2*s**3/3 - 2*s**2 - s + 1. Let a(n) = n**2 + 363*n - 2972. Let h be a(8). Give u(h).
-17
Let l(x) = 2*x**3 - 4*x**2 + 3*x - 1. Let s be (-20)/(-9) + -2 + 21/27. Let r be 5/3 + (-2)/(-6)*s. What is l(r)?
5
Let d(z) = -3*z**2 + 3*z + 2. Let a(k) = 2*k**2 - 26*k + 62. Let y be a(10). Give d(y).
-4
Let x(t) = -t**3 + 6*t**2 + 6*t - 1. Let n be (-475)/(-57) + 2/(-6). Let m(p) = p**3 - 8*p**2 + 2*p - 7. Let z be m(n). Let v = z + -2. Calculate x(v).
-8
Let b(l) be the first derivative of -5*l**3/3 - l**2 - 3*l + 65. Calculate b(-2).
-19
Let h(m) = -4*m**2 - 9*m + 1. Let r = -4 - -3. Let z(o) = o**2 + o - 1. Let g(b) = r*h(b) - 5*z(b). Suppose -p + 3*w = w + 3, 0 = 3*p - 2*w - 7. What is g(p)?
-1
Let h(n) = -n**2 - 3*n - 3. Let z be (6/15)/(7/35). Suppose -z*v = 2*v + 16. Calculate h(v).
-7
Let u = -1 + 1. Let d(r) = -1 - 1 + 9*r + u*r - 7*r. Let o = -41 + 38. Calculate d(o).
-8
Let k(u) be the second derivative of u**3/6 + u**2/2 - 149*u. Determine k(-10).
-9
Let q(r) be the second derivative of -r**5/20 - r**4/8 - r**3/3 - 5*r**2 - 15*r. Let s(c) be the first derivative of q(c). Calculate s(-3).
-20
Suppose 3*i = -5*g + 6*i - 30, -3*i = 0. Let b be (3/g)/((-1)/(-2)). Let f(v) = -4*v + 1. Let j(s) = s. Let r(n) = -f(n) - 2*j(n). Determine r(b).
-3
Let b(p) = p + 7. Let r(t) = t**2 - 11*t + 10. Let j be r(5). Let k = j - -10. Give b(k).
-3
Let y(m) = 2*m - 9 + 2*m**2 + 13 - 4. Let x be y(-2). Let l(b) = -3*b**2 + 10*b - 8. Let s(z) = 10*z**2 - 31*z + 25. Let j(v) = 7*l(v) + 2*s(v). Determine j(x).
10
Let d(i) = i**3 - 3*i**2 - i - 4. Suppose -5*f + 10 = 5*g, -3*g + 14 = 4*f - g. Suppose -f*l + 2*l = -12. What is d(l)?
8
Let k(f) = 15*f + 20. Let q(y) = -y - 8. Let c(w) = -k(w) - 3*q(w). Calculate c(5).
-56
Let p(u) = -u + 2. Let s(k) = k**2 + 4*k + 1. Let n(c) = -2*p(c) - s(c). What is n(-4)?
-13
Let k(t) be the third derivative of t**8/20160 + t**7/720 - t**6/240 + 3*t**5/10 + 4*t**2. Let o(f) be the third derivative of k(f). What is o(-8)?
5
Let t(y) = -y - 6. Suppose 5*p - 4*g = -23, 4*g - g = 4*p + 19. What is t(p)?
1
Let u be 3/9 + 34/6. Suppose 0*a - 2*j - 21 = -5*a, 2*a + j = 12. Let g = a - u. Let d(x) = -x**3 + x**2 + x. Give d(g).
1
Suppose a + 16*r = 21*r - 9, 0 = 3*a - 2*r + 1. Let x(g) = -g**3 + g**2. What is x(a)?
0
Let f(u) = -2*u**2 - 6*u + 40. Let r be f(-6). Let i(z) = z**2 + 6*z - 3. Determine i(r).
37
Let k(t) be the third derivative of -t**6/360 - t**5/24 - t**4/8 + 3*t**3 + 13*t**2. Let r(v) be the first derivative of k(v). Calculate r(-5).
-3
Suppose 0 = 4*s - 42 + 6. Suppose -3*j - 3 = -s. Let h(v) = 4*v**3 - 2*v - 1. Let a(l) = 17*l**3 + l**2 - 8*l - 5. Let z(x) = 2*a(x) - 9*h(x). Determine z(j).
-5
Let i(u) be the third derivative of -u**5/60 + u**4/24 + 480*u**2. What is i(1)?
0
Let z(x) be the first derivative of -x**3/3 - 5*x**2/2 + 2*x - 135. Determine z(-5).
2
Let j(u) be the first derivative of 0*u**2 - 5/3*u**3 + 0*u**4 - 1/15*u**5 - 5 + 0*u. Let t(c) be the third derivative of j(c). Determine t(-1).
8
Let w(q) = q**3 + 6*q**2 - 2*q - 3. Let r be w(-5). Let t(p) = -2*p - r + 16 + 18. Determine t(5).
-8
Let w(i) be the first derivative of -5*i**2/2 - 10*i + 222. Determine w(0).
-10
Suppose u + 1 + 1 = 0. Let r = u - 1. Let p(t) = -t**2 - 2*t + 1. What is p(r)?
-2
Let m(g) = 6*g + 6 + 5*g**3 - 4*g**2 - 3*g + g**3 - 5*g**3 - 2*g**2. Determine m(4).
-14
Suppose -3*x = -5*c - 8*x, 4*x = -3*c - 1. Let p(s) = c - 2 + 2*s - s - 10. What is p(8)?
-3
Let x(i) = -1 - 7 + 8 + 3*i + 1 + 0*i. Let u(g) = -g**3 - 2*g**2 + 3*g + 1. Let c be u(-3). Give x(c).
4
Let n = 14 - 7. Suppose -10*d = -n*d - 63. Let c = 15 - d. Let f(q) = q**3 + 5*q**2 - 6*q - 2. Calculate f(c).
-2
Suppose 0 = 3*d + x - 3, -2*d - 3*x - 4 = -13. Let u(j) be the second derivative of j**5/20 - j**3/6 - 11*j**2/2 - 425*j. Determine u(d).
-11
Let i(m) = -m**3 - 14*m**2 + 15*m - 6. Suppose 3*u - 5*v = -50, u - 5*v + 2*v = -18. Calculate i(u).
-6
Let f be 1*-10*(-36)/90. Suppose 2*i + 2*z = 6, -f*i + 2*i = -z - 3. Let j(u) = 7*u - i - 6*u - 4. Calculate j(6).
0
Let q(u) = -7*u + 27. Let a(j) = -3*j + 12. Let h(m) = 5*a(m) - 2*q(m). Determine h(-6).
12
Let t(j) = 11*j - 8. Let g(n) = 5*n - 4. Let v(p) = -13*g(p) + 6*t(p). Let d(m) = m**3 + 6*m**2 + 1. Let r be d(-6). Let f = r + -5. Determine v(f).
0
Let k(d) = -2*d**3 - d**2 - 3*d - 1. Suppose 5*g = 18*g + 13. Calculate k(g).
3
Let o(r) = 4*r**3 + 22*r**2 - 3*r - 5. Let s(l) = -l**3 - 7*l**2 + l + 2. Let y(b) = -2*o(b) - 7*s(b). Let w be (-64)/(-14) - (102/(-42) + 2). Calculate y(w).
-9
Let r(w) = -4*w + 17. Let f(m) = 2*m**3 - 10*m**2 - 11*m - 1. Let z be f(6). What is r(z)?
-3
Let n(q) = q**3 - 5*q + 5. Let c be n(2). Let r(s) = -c*s + 11 - 26 + 18 - 2*s**2. Calculate r(-3).
-6
Let n(o) = 21*o + 1 + 29*o - 93*o + 36*o. Determine n(-5).
36
Let q(v) be the second derivative of v**5/120 - 2*v**3 + 11*v. Let n(z) be the second derivative of q(z). Calculate n(-7).
-7
Let j be (-224)/48*24/14. Let o(i) be the third derivative of -i**6/120 - 7*i**5/60 + 3*i**4/8 + i**3/3 - 2*i**2. What is o(j)?
-6
Suppose 2 = w, -2*w = -x + 6 + 7. Let a(m) = -3*m**2 + m + x - 16 - 3*m. Let u(s) = s**3 - 6*s**2 + 4*s + 3. Let l be u(5). De